{"id":733,"date":"2017-08-22T11:24:59","date_gmt":"2017-08-22T09:24:59","guid":{"rendered":"http:\/\/www.freshtag.de\/?page_id=733"},"modified":"2021-08-29T21:11:44","modified_gmt":"2021-08-29T19:11:44","slug":"workshops","status":"publish","type":"page","link":"https:\/\/www.blumen-meister.com\/standort-gallus-blumenladen\/workshops\/","title":{"rendered":"Workshops"},"content":{"rendered":"<p>&lt;p&gt;<div class=\"flex_column av_one_full  flex_column_div av-zero-column-padding first  \" style='border-radius:0px; '><p><div style='padding-bottom:10px;color:#1a2f53;' class='av-special-heading av-special-heading-h2 custom-color-heading blockquote modern-quote modern-centered  '><h2 class='av-special-heading-tag '  itemprop=\"headline\"  >Do-it-yourself (DIY) Workshops<\/h2><div class='special-heading-border'><div class='special-heading-inner-border' style='border-color:#1a2f53'><\/div><\/div><\/div><div style=' margin-top:10px; margin-bottom:10px;'  class='hr hr-custom hr-center hr-icon-no  '><span class='hr-inner   inner-border-av-border-fat' style=' width:50px; border-color:#1a2f53;' ><span class='hr-inner-style'><\/span><\/span><\/div><section class=\"av_textblock_section \"  itemscope=\"itemscope\" itemtype=\"https:\/\/schema.org\/CreativeWork\" ><div class='avia_textblock  '   itemprop=\"text\" ><p>&lt;br \/&gt;Nehmen Sie an einem unserer Workshops teil, die wir passend zu ausgew\u00e4hlten &lt;strong&gt;Anl\u00e4ssen&lt;\/strong&gt; f\u00fcr Sie vorbereitet haben: Ob zum &lt;strong&gt;Geburtstag, zur Hochzeit &lt;\/strong&gt;oder&lt;strong&gt; zu Weihnachten&lt;\/strong&gt; \u2013 in verst\u00e4ndlichen Schritten und unter professioneller Anleitung unserer Floristen lernen Sie wertvolle Methoden und Tipps, die auch f\u00fcr unerfahrene Bastler gut umzusetzen sind. So k\u00f6nnen Sie schon bald, vielleicht f\u00fcr einen anstehenden Geburtstag, mit Ihrer neuen kreativen Art gl\u00e4nzen \u2013 denn selbstgemacht ist immer noch am sch\u00f6nsten!&lt;br \/&gt;<\/p>\n<\/div><\/section><\/p><\/div><\/div><\/div><\/div><!-- close content main div --><\/div><\/div><div id='av_section_1' class='avia-section main_color avia-section-default avia-no-shadow avia-bg-style-scroll   container_wrap fullsize'   ><div class='container' ><div class='template-page content  av-content-full alpha units'><div class='post-entry post-entry-type-page post-entry-733'><div class='entry-content-wrapper clearfix'>&lt;br \/&gt;<div class=\"flex_column av_one_third  flex_column_div av-zero-column-padding first  \" style='border-radius:0px; '><p><div style='padding-bottom:10px;color:#1a2f53;' class='av-special-heading av-special-heading-h3 custom-color-heading blockquote modern-quote modern-centered   '><h3 class='av-special-heading-tag '  itemprop=\"headline\"  >Workshop &#8211; Hochzeitsdeko<\/h3><div class='special-heading-border'><div class='special-heading-inner-border' style='border-color:#1a2f53'><\/div><\/div><\/div><div style=' margin-top:10px; margin-bottom:10px;'  class='hr hr-custom hr-center hr-icon-no  '><span class='hr-inner   inner-border-av-border-fat' style=' width:50px; border-color:#1a2f53;' ><span class='hr-inner-style'><\/span><\/span><\/div><div class='avia-image-container avia_animated_image avia_animate_when_almost_visible fade-in av-styling-    avia-align-center '  itemscope=\"itemscope\" itemtype=\"https:\/\/schema.org\/ImageObject\"  ><div class='avia-image-container-inner'><img class='avia_image ' src='https:\/\/www.blumen-meister.com\/standort-gallus-blumenladen\/wp-content\/uploads\/2017\/08\/Hochzeitsdeko_DIY.jpg' alt='' title='Hochzeitsdeko_DIY'   itemprop=\"thumbnailUrl\"  \/><\/div><\/div><div style=' margin-top:10px; margin-bottom:10px;'  class='hr hr-custom hr-center hr-icon-no  '><span class='hr-inner   inner-border-av-border-fat' style=' width:50px; border-color:#1a2f53;' ><span class='hr-inner-style'><\/span><\/span><\/div><div style='padding-bottom:10px;color:#1a2f53;' class='av-special-heading av-special-heading-h5 custom-color-heading blockquote modern-quote modern-centered   '><h5 class='av-special-heading-tag '  itemprop=\"headline\"  >N\u00c4CHSTER TERMIN<\/h5><div class='special-heading-border'><div class='special-heading-inner-border' style='border-color:#1a2f53'><\/div><\/div><\/div><div class='avia-button-wrap avia-button-center '><a href='' class='avia-button av-icon-on-hover  avia-icon_select-no avia-color-dark avia-size-large avia-position-center '   ><span class='avia_iconbox_title' >23. September 2017<\/span><\/a><\/div><\/p><\/div><div class=\"flex_column av_one_third  flex_column_div av-zero-column-padding   \" style='border-radius:0px; '><p><div style='padding-bottom:10px;color:#1a2f53;' class='av-special-heading av-special-heading-h3 custom-color-heading blockquote modern-quote modern-centered  '><h3 class='av-special-heading-tag '  itemprop=\"headline\"  >Workshop &#8211; Florale Geschenke<\/h3><div class='special-heading-border'><div class='special-heading-inner-border' style='border-color:#1a2f53'><\/div><\/div><\/div><div style=' margin-top:10px; margin-bottom:10px;'  class='hr hr-custom hr-center hr-icon-no  '><span class='hr-inner   inner-border-av-border-fat' style=' width:50px; border-color:#1a2f53;' ><span class='hr-inner-style'><\/span><\/span><\/div><div class='avia-image-container avia_animated_image avia_animate_when_almost_visible fade-in av-styling-    avia-align-center '  itemscope=\"itemscope\" itemtype=\"https:\/\/schema.org\/ImageObject\"  ><div class='avia-image-container-inner'><img class='avia_image ' src='https:\/\/www.blumen-meister.com\/standort-gallus-blumenladen\/wp-content\/uploads\/2017\/08\/Geschenk_DIY.jpg' alt='' title='Geschenk_DIY'   itemprop=\"thumbnailUrl\"  \/><\/div><\/div><div style=' margin-top:10px; margin-bottom:10px;'  class='hr hr-custom hr-center hr-icon-no  '><span class='hr-inner   inner-border-av-border-fat' style=' width:50px; border-color:#1a2f53;' ><span class='hr-inner-style'><\/span><\/span><\/div><div style='padding-bottom:10px;color:#1a2f53;' class='av-special-heading av-special-heading-h5 custom-color-heading blockquote modern-quote modern-centered   '><h5 class='av-special-heading-tag '  itemprop=\"headline\"  >N\u00c4CHSTER TERMIN<\/h5><div class='special-heading-border'><div class='special-heading-inner-border' style='border-color:#1a2f53'><\/div><\/div><\/div><div class='avia-button-wrap avia-button-center '><a href='' class='avia-button av-icon-on-hover  avia-icon_select-no avia-color-dark avia-size-large avia-position-center '   ><span class='avia_iconbox_title' >23. September 2017<\/span><\/a><\/div><\/p><\/div><div class=\"flex_column av_one_third  flex_column_div av-zero-column-padding   \" style='border-radius:0px; '><p><div style='padding-bottom:10px;color:#1a2f53;' class='av-special-heading av-special-heading-h3 custom-color-heading blockquote modern-quote modern-centered  '><h3 class='av-special-heading-tag '  itemprop=\"headline\"  >Workshop &#8211; Adventskranz<\/h3><div class='special-heading-border'><div class='special-heading-inner-border' style='border-color:#1a2f53'><\/div><\/div><\/div><div style=' margin-top:10px; margin-bottom:10px;'  class='hr hr-custom hr-center hr-icon-no  '><span class='hr-inner   inner-border-av-border-fat' style=' width:50px; border-color:#1a2f53;' ><span class='hr-inner-style'><\/span><\/span><\/div><div class='avia-image-container avia_animated_image avia_animate_when_almost_visible fade-in av-styling-    avia-align-center '  itemscope=\"itemscope\" itemtype=\"https:\/\/schema.org\/ImageObject\"  ><div class='avia-image-container-inner'><img class='avia_image ' src='https:\/\/www.blumen-meister.com\/standort-gallus-blumenladen\/wp-content\/uploads\/2017\/08\/Adventskranz_DIY.jpg' alt='' title='Adventskranz_DIY'   itemprop=\"thumbnailUrl\"  \/><\/div><\/div><div style=' margin-top:10px; margin-bottom:10px;'  class='hr hr-custom hr-center hr-icon-no  '><span class='hr-inner   inner-border-av-border-fat' style=' width:50px; border-color:#1a2f53;' ><span class='hr-inner-style'><\/span><\/span><\/div><div style='padding-bottom:10px;color:#1a2f53;' class='av-special-heading av-special-heading-h5 custom-color-heading blockquote modern-quote modern-centered   '><h5 class='av-special-heading-tag '  itemprop=\"headline\"  >N\u00c4CHSTER TERMIN<\/h5><div class='special-heading-border'><div class='special-heading-inner-border' style='border-color:#1a2f53'><\/div><\/div><\/div><div class='avia-button-wrap avia-button-center '><a href='' class='avia-button av-icon-on-hover  avia-icon_select-no avia-color-dark avia-size-large avia-position-center '   ><span class='avia_iconbox_title' >23. September 2017<\/span><\/a><\/div><\/p><\/div>&lt;br \/&gt;&lt;\/p&gt;<\/p>\n","protected":false},"excerpt":{"rendered":"<p>&lt;p&gt;&lt;\/p&gt;<\/p>\n","protected":false},"author":1,"featured_media":0,"parent":0,"menu_order":0,"comment_status":"closed","ping_status":"closed","template":"","meta":{"_mi_skip_tracking":false},"_links":{"self":[{"href":"https:\/\/www.blumen-meister.com\/standort-gallus-blumenladen\/wp-json\/wp\/v2\/pages\/733"}],"collection":[{"href":"https:\/\/www.blumen-meister.com\/standort-gallus-blumenladen\/wp-json\/wp\/v2\/pages"}],"about":[{"href":"https:\/\/www.blumen-meister.com\/standort-gallus-blumenladen\/wp-json\/wp\/v2\/types\/page"}],"author":[{"embeddable":true,"href":"https:\/\/www.blumen-meister.com\/standort-gallus-blumenladen\/wp-json\/wp\/v2\/users\/1"}],"replies":[{"embeddable":true,"href":"https:\/\/www.blumen-meister.com\/standort-gallus-blumenladen\/wp-json\/wp\/v2\/comments?post=733"}],"version-history":[{"count":3,"href":"https:\/\/www.blumen-meister.com\/standort-gallus-blumenladen\/wp-json\/wp\/v2\/pages\/733\/revisions"}],"predecessor-version":[{"id":1138,"href":"https:\/\/www.blumen-meister.com\/standort-gallus-blumenladen\/wp-json\/wp\/v2\/pages\/733\/revisions\/1138"}],"wp:attachment":[{"href":"https:\/\/www.blumen-meister.com\/standort-gallus-blumenladen\/wp-json\/wp\/v2\/media?parent=733"}],"curies":[{"name":"wp","href":"https:\/\/api.w.org\/{rel}","templated":true}]}}