{"id":24,"date":"2017-06-11T15:55:08","date_gmt":"2017-06-11T13:55:08","guid":{"rendered":"http:\/\/www.freshtag.de\/?page_id=24"},"modified":"2017-10-23T16:44:52","modified_gmt":"2017-10-23T14:44:52","slug":"unser-service","status":"publish","type":"page","link":"https:\/\/www.blumen-meister.com\/standort-gallus-blumenladen\/unser-service\/","title":{"rendered":"Unser Service"},"content":{"rendered":"<div  data-size='no scaling'  data-lightbox_size='large'  data-animation='slide'  data-ids='503'  data-video_counter='0'  data-autoplay='false'  data-bg_slider='false'  data-slide_height=''  data-handle='av_slideshow'  data-interval='5'  data-class=' '  data-css_id=''  data-scroll_down=''  data-control_layout='av-control-hidden'  data-custom_markup=''  data-perma_caption=''  data-autoplay_stopper=''  data-image_attachment=''  data-min_height='0px'  class='avia-slideshow avia-slideshow-1  av-control-hidden av-default-height-applied avia-slideshow-no scaling av_slideshow   avia-slide-slider '  itemscope=\"itemscope\" itemtype=\"https:\/\/schema.org\/ImageObject\" ><ul class='avia-slideshow-inner' style='padding-bottom: 45%;'><li  class=' av-single-slide slide-1 ' ><div data-rel='slideshow-1' class='avia-slide-wrap'  ><img src='https:\/\/www.blumen-meister.com\/standort-gallus-blumenladen\/wp-content\/uploads\/2017\/06\/Service_.jpg' width='1000' height='450' title='Service_' alt=''  itemprop=\"thumbnailUrl\"   \/><\/div><\/li><\/ul><\/div>\n<div class=\"flex_column av_one_full  flex_column_div av-zero-column-padding first  \" style='border-radius:0px; '><p><div style='padding-bottom:10px;color:#1a2f53;' class='av-special-heading av-special-heading-h2 custom-color-heading blockquote modern-quote modern-centered  '><h2 class='av-special-heading-tag '  itemprop=\"headline\"  >BLUMENSERVICE<\/h2><div class='special-heading-border'><div class='special-heading-inner-border' style='border-color:#1a2f53'><\/div><\/div><\/div><br \/>\n<div style=' margin-top:10px; margin-bottom:10px;'  class='hr hr-custom hr-center hr-icon-no  '><span class='hr-inner   inner-border-av-border-fat' style=' width:50px; border-color:#1a2f53;' ><span class='hr-inner-style'><\/span><\/span><\/div><br \/>\n<section class=\"av_textblock_section \"  itemscope=\"itemscope\" itemtype=\"https:\/\/schema.org\/CreativeWork\" ><div class='avia_textblock  '   itemprop=\"text\" ><p>\u00dcberraschen Sie Ihre Lieben, Gesch\u00e4ftspartner und Mitarbeiter mit einem Dank der besonderen Art: Unser exklusiver Firmenservice liefert jegliche Art von Blumenarrangements f\u00fcr Jubil\u00e4en, Geburtstage und andere Anl\u00e4sse direkt ins Haus, B\u00fcro, Hotel oder an jeden anderen Wunschort.<\/p>\n<\/div><\/section><\/p><\/div>\n<\/div><\/div><\/div><!-- close content main div --><\/div><\/div><div id='av_section_1' class='avia-section main_color avia-section-default avia-no-shadow avia-bg-style-scroll   container_wrap fullsize'   ><div class='container' ><div class='template-page content  av-content-full alpha units'><div class='post-entry post-entry-type-page post-entry-24'><div class='entry-content-wrapper clearfix'>\n<div class=\"flex_column av_one_half  flex_column_div av-zero-column-padding first  \" style='border-radius:0px; '><p><div style='padding-bottom:10px;color:#1a2f53;' class='av-special-heading av-special-heading-h2 custom-color-heading blockquote modern-quote   '><h2 class='av-special-heading-tag '  itemprop=\"headline\"  >FREUROP SERVICE<\/h2><div class='special-heading-border'><div class='special-heading-inner-border' style='border-color:#1a2f53'><\/div><\/div><\/div><br \/>\n<div style=' margin-top:5px; margin-bottom:5px;'  class='hr hr-custom hr-left hr-icon-no  '><span class='hr-inner   inner-border-av-border-fat' style=' width:50px; border-color:#1a2f53;' ><span class='hr-inner-style'><\/span><\/span><\/div><br \/>\n<section class=\"av_textblock_section \"  itemscope=\"itemscope\" itemtype=\"https:\/\/schema.org\/CreativeWork\" ><div class='avia_textblock  '   itemprop=\"text\" ><p>Seit Jahren sind wir <a href=\"https:\/\/florist.fleurop.de\/aliceimblumenland.frankfurt\" target=\"_blank\" rel=\"noopener\">Partner der Fleurop Organisation<\/a> und liefern frische Blumen p\u00fcnktlich und zuverl\u00e4ssig innerhalb von Frankfurt, Rhein-Main-Gebiet, Deutschland und sogar ins Ausland. Die Bestellung kann auch telefonisch erfolgen, die Bezahlung wird anschlie\u00dfend per Kreditkarte abgewickelt.<\/p>\n<\/div><\/section><\/p><\/div><div class=\"flex_column av_one_half  flex_column_div av-zero-column-padding   \" style='border-radius:0px; '><p><div style='padding-bottom:10px;color:#1a2f53;' class='av-special-heading av-special-heading-h2 custom-color-heading blockquote modern-quote   '><h2 class='av-special-heading-tag '  itemprop=\"headline\"  >EXPRESS-LIEFERDIENST<\/h2><div class='special-heading-border'><div class='special-heading-inner-border' style='border-color:#1a2f53'><\/div><\/div><\/div><br \/>\n<div style=' margin-top:5px; margin-bottom:5px;'  class='hr hr-custom hr-left hr-icon-no  '><span class='hr-inner   inner-border-av-border-fat' style=' width:50px; border-color:#1a2f53;' ><span class='hr-inner-style'><\/span><\/span><\/div><br \/>\n<section class=\"av_textblock_section \"  itemscope=\"itemscope\" itemtype=\"https:\/\/schema.org\/CreativeWork\" ><div class='avia_textblock  '   itemprop=\"text\" ><p style=\"text-align: left;\">Auch bei spontanen Bestellungen finden Sie in uns den richtigen Partner. Im <strong>Raum Frankfurt<\/strong> erf\u00fcllen wir innerhalb <b>einer Stunde\u00a0<\/b>Ihre Blumen-W\u00fcnsche.<\/p>\n<\/div><\/section><\/p><\/div>\n\n","protected":false},"excerpt":{"rendered":"","protected":false},"author":1,"featured_media":0,"parent":0,"menu_order":0,"comment_status":"closed","ping_status":"closed","template":"","meta":{"_mi_skip_tracking":false},"_links":{"self":[{"href":"https:\/\/www.blumen-meister.com\/standort-gallus-blumenladen\/wp-json\/wp\/v2\/pages\/24"}],"collection":[{"href":"https:\/\/www.blumen-meister.com\/standort-gallus-blumenladen\/wp-json\/wp\/v2\/pages"}],"about":[{"href":"https:\/\/www.blumen-meister.com\/standort-gallus-blumenladen\/wp-json\/wp\/v2\/types\/page"}],"author":[{"embeddable":true,"href":"https:\/\/www.blumen-meister.com\/standort-gallus-blumenladen\/wp-json\/wp\/v2\/users\/1"}],"replies":[{"embeddable":true,"href":"https:\/\/www.blumen-meister.com\/standort-gallus-blumenladen\/wp-json\/wp\/v2\/comments?post=24"}],"version-history":[{"count":0,"href":"https:\/\/www.blumen-meister.com\/standort-gallus-blumenladen\/wp-json\/wp\/v2\/pages\/24\/revisions"}],"wp:attachment":[{"href":"https:\/\/www.blumen-meister.com\/standort-gallus-blumenladen\/wp-json\/wp\/v2\/media?parent=24"}],"curies":[{"name":"wp","href":"https:\/\/api.w.org\/{rel}","templated":true}]}}