{"id":11,"date":"2017-06-11T15:53:04","date_gmt":"2017-06-11T13:53:04","guid":{"rendered":"http:\/\/www.freshtag.de\/?page_id=11"},"modified":"2021-08-29T21:12:44","modified_gmt":"2021-08-29T19:12:44","slug":"home","status":"publish","type":"page","link":"https:\/\/www.blumen-meister.com\/standort-gallus-blumenladen\/","title":{"rendered":"Home"},"content":{"rendered":"<\/div><\/div><\/div><!-- close content main div --><\/div><\/div><div id='full_slider_1' class='avia-fullwidth-slider main_color avia-shadow   container_wrap fullsize'   ><div  data-size='no scaling'  data-lightbox_size='large'  data-animation='fade'  data-ids='1089,1057,400,480,477,478,1039,481,285'  data-video_counter='0'  data-autoplay='true'  data-bg_slider='false'  data-slide_height=''  data-handle='av_slideshow_full'  data-interval='4'  data-class=' '  data-css_id=''  data-scroll_down=''  data-control_layout='av-control-minimal'  data-custom_markup=''  data-perma_caption=''  data-autoplay_stopper=''  data-image_attachment=''  data-min_height='0px'  data-src=''  data-position='top left'  data-repeat='no-repeat'  data-attach='scroll'  data-stretch=''  class='avia-slideshow avia-slideshow-1  av-control-minimal av-default-height-applied avia-slideshow-no scaling av_slideshow_full   avia-fade-slider '  itemscope=\"itemscope\" itemtype=\"https:\/\/schema.org\/ImageObject\" ><ul class='avia-slideshow-inner' style='padding-bottom: 37.015276145711%;'><li  class=' slide-1 ' ><div data-rel='slideshow-1' class='avia-slide-wrap'  ><img src='https:\/\/www.blumen-meister.com\/standort-gallus-blumenladen\/wp-content\/uploads\/2018\/12\/Facebook-Cover.jpg' width='851' height='315' title='Facebook-Cover' alt=''  itemprop=\"thumbnailUrl\"   \/><\/div><\/li><li  class=' slide-2 ' ><a href='http:\/\/shop-meister-group.com' data-rel='slideshow-1' class='avia-slide-wrap'  ><div class = \"caption_fullwidth av-slideshow-caption caption_left caption_left_framed caption_framed\"><div class = \"container caption_container\"><div class = \"slideshow_caption\"><div class = \"slideshow_inner_caption\"><div class = \"slideshow_align_caption\"><h2  style='color:#ffffff; ' class='avia-caption-title '  itemprop=\"name\" >Unser neuer Webshop<\/h2><div class='avia-caption-content  av_inherit_color'  itemprop=\"description\"   style='color:#ffffff; '><p>Besuchen Sie unseren neuen Webshop f\u00fcr Blumen, Wein &amp; Champagner, und Fine Dining Gutscheine.<\/p>\n<\/div><\/div><\/div><\/div><\/div><\/div><img src='https:\/\/www.blumen-meister.com\/standort-gallus-blumenladen\/wp-content\/uploads\/2018\/09\/ING_19027_00688-2.jpg' width='957' height='638' title='Morning in a cafe.' alt=''  itemprop=\"thumbnailUrl\"   \/><\/a><\/li><li  class=' slide-3 ' ><div data-rel='slideshow-1' class='avia-slide-wrap'  ><img src='https:\/\/www.blumen-meister.com\/standort-gallus-blumenladen\/wp-content\/uploads\/2017\/06\/Willkommen-bei-Alice-im-Blumenland.jpg' width='1000' height='450' title='Willkommen bei Alice im Blumenland' alt='Willkommen bei Alice im Blumenland'  itemprop=\"thumbnailUrl\"   \/><\/div><\/li><li  class=' slide-4 ' ><div data-rel='slideshow-1' class='avia-slide-wrap'  ><img src='https:\/\/www.blumen-meister.com\/standort-gallus-blumenladen\/wp-content\/uploads\/2017\/06\/Alice-im-Blumenland-_01.jpg' width='1000' height='450' title='Alice-im-Blumenland-_01' alt=''  itemprop=\"thumbnailUrl\"   \/><\/div><\/li><li  class=' slide-5 ' ><div data-rel='slideshow-1' class='avia-slide-wrap'  ><img src='https:\/\/www.blumen-meister.com\/standort-gallus-blumenladen\/wp-content\/uploads\/2017\/06\/Alice-im-Blumenland-_05.jpg' width='1000' height='450' title='Alice-im-Blumenland-_05' alt=''  itemprop=\"thumbnailUrl\"   \/><\/div><\/li><li  class=' slide-6 ' ><div data-rel='slideshow-1' class='avia-slide-wrap'  ><img src='https:\/\/www.blumen-meister.com\/standort-gallus-blumenladen\/wp-content\/uploads\/2017\/06\/Alice-im-Blumenland-_12.jpg' width='1000' height='450' title='Alice-im-Blumenland-_12' alt=''  itemprop=\"thumbnailUrl\"   \/><\/div><\/li><li  class=' slide-7 ' ><div data-rel='slideshow-1' class='avia-slide-wrap'  ><div class = \"caption_fullwidth av-slideshow-caption caption_left caption_left_framed caption_framed\"><div class = \"container caption_container\"><div class = \"slideshow_caption\"><div class = \"slideshow_inner_caption\"><div class = \"slideshow_align_caption\"><h2  style='color:#ffffff; ' class='avia-caption-title '  itemprop=\"name\" >Am 13 Mai ist Muttertag<\/h2><div class='avia-caption-content  av_inherit_color'  itemprop=\"description\"   style='color:#ffffff; '><p>Dieser Tag ist eine wunderbare Gelegenheit, Ihrer Mutter eine besondere Aufmerksamkeit zu schenken.<\/p>\n<\/div><\/div><\/div><\/div><\/div><\/div><img src='https:\/\/www.blumen-meister.com\/standort-gallus-blumenladen\/wp-content\/uploads\/2018\/04\/Muttertag.jpg' width='1000' height='667' title='Muttertag' alt=''  itemprop=\"thumbnailUrl\"   \/><\/div><\/li><li  class=' slide-8 ' ><div data-rel='slideshow-1' class='avia-slide-wrap'  ><img src='https:\/\/www.blumen-meister.com\/standort-gallus-blumenladen\/wp-content\/uploads\/2017\/06\/Alice-im-Blumenland-_15.jpg' width='1000' height='450' title='Alice-im-Blumenland-_15' alt=''  itemprop=\"thumbnailUrl\"   \/><\/div><\/li><li  class=' slide-9 ' ><div data-rel='slideshow-1' class='avia-slide-wrap'  ><div class = \"caption_fullwidth av-slideshow-caption caption_left caption_left_framed caption_framed\"><div class = \"container caption_container\"><div class = \"slideshow_caption\"><div class = \"slideshow_inner_caption\"><div class = \"slideshow_align_caption\"><h2  style='color:#ffffff; ' class='avia-caption-title '  itemprop=\"name\" >Der 1 Advent naht!<\/h2><div class='avia-caption-content  av_inherit_color'  itemprop=\"description\"   style='color:#ffffff; '><p>Frisch gebundene Weihnachtsgestecke und weitere allerlei Weihnachtsfloristik, die die besinnliche Zeit des Jahres einl\u00e4uten.<\/p>\n<\/div><\/div><\/div><\/div><\/div><\/div><img src='https:\/\/www.blumen-meister.com\/standort-gallus-blumenladen\/wp-content\/uploads\/2017\/06\/Weihnachten_11.jpg' width='900' height='600' title='Weihnachten_11' alt=''  itemprop=\"thumbnailUrl\"   \/><\/div><\/li><\/ul><div class='avia-slideshow-arrows avia-slideshow-controls'><a href='#prev' class='prev-slide' aria-hidden='true' data-av_icon='\ue87c' data-av_iconfont='entypo-fontello'>Zur\u00fcck<\/a><a href='#next' class='next-slide' aria-hidden='true' data-av_icon='\ue87d' data-av_iconfont='entypo-fontello'>Weiter<\/a><\/div><div class='avia-slideshow-dots avia-slideshow-controls'><a href='#1' class='goto-slide active' >1<\/a><a href='#2' class='goto-slide ' >2<\/a><a href='#3' class='goto-slide ' >3<\/a><a href='#4' class='goto-slide ' >4<\/a><a href='#5' class='goto-slide ' >5<\/a><a href='#6' class='goto-slide ' >6<\/a><a href='#7' class='goto-slide ' >7<\/a><a href='#8' class='goto-slide ' >8<\/a><a href='#9' class='goto-slide ' >9<\/a><\/div><\/div><\/div>\n<\/div><\/div><\/div><!-- close content main div --><\/div><\/div><div id='av_section_1' class='avia-section main_color avia-section-default avia-no-shadow avia-bg-style-scroll   container_wrap fullsize'   ><div class='container' ><div class='template-page content  av-content-full alpha units'><div class='post-entry post-entry-type-page post-entry-11'><div class='entry-content-wrapper clearfix'>\n<div class=\"flex_column av_one_full  av-animated-generic bottom-to-top  flex_column_div av-zero-column-padding first  \" style='border-radius:0px; '><p><div style='padding-bottom:12px;font-size:28px;' class='av-special-heading av-special-heading-h2 custom-color-heading blockquote modern-quote modern-centered   av-inherit-size '><h2 class='av-special-heading-tag '  itemprop=\"headline\"  >FRISCHE, MODERNE BLUMENARRANGEMENTS, F\u00dcR JEDEN ANLASS.<\/h2><div class='special-heading-border'><div class='special-heading-inner-border' ><\/div><\/div><\/div><br \/>\n<div style=' margin-top:10px; margin-bottom:10px;'  class='hr hr-custom hr-center hr-icon-no  '><span class='hr-inner   inner-border-av-border-fat' style=' width:50px; border-color:#000000;' ><span class='hr-inner-style'><\/span><\/span><\/div><br \/>\n<div style='padding-bottom:10px;font-size:22px;' class='av-special-heading av-special-heading-h4 custom-color-heading blockquote modern-quote modern-centered  av-inherit-size '><h4 class='av-special-heading-tag '  itemprop=\"headline\"  >Entdecken Sie unsere Vielfalt anfrischen und modernen Blumenstr\u00e4u\u00dfen und anderen Arrangements, f\u00fcr Hochzeiten, Geburtstage, Trauerf\u00e4lle und sonstige Events.<\/h4><div class='special-heading-border'><div class='special-heading-inner-border' ><\/div><\/div><\/div><br \/>\n<div style=' margin-top:10px; margin-bottom:10px;'  class='hr hr-custom hr-center hr-icon-no  '><span class='hr-inner   inner-border-av-border-fat' style=' width:50px; border-color:#1a2f53;' ><span class='hr-inner-style'><\/span><\/span><\/div><\/p><\/div>\n\n<\/div><\/div><\/div><!-- close content main div --><\/div><\/div><div id='av-tab-section-1' class='av-tab-section-container entry-content-wrapper main_color av-tab-no-transition   av-tab-above-content  container_wrap fullsize'   ><div class='av-tab-section-outer-container'><div class='av-tab-section-tab-title-container avia-tab-title-padding-default ' ><a href='#beratung' data-av-tab-section-title='1' class='av-section-tab-title av-active-tab-title av-tab-with-icon av-tab-no-image  '><span class='av-tab-section-icon' aria-hidden='true' data-av_icon='\ue80b' data-av_iconfont='entypo-fontello'><\/span><span class='av-outer-tab-title'><span class='av-inner-tab-title'>BERATUNG<\/span><\/span><span class='av-tab-arrow-container'><span><\/span><\/span><\/a><a href='#blumen' data-av-tab-section-title='2' class='av-section-tab-title  av-tab-with-icon av-tab-no-image  '><span class='av-tab-section-icon' aria-hidden='true' data-av_icon='\ue8b8' data-av_iconfont='entypo-fontello'><\/span><span class='av-outer-tab-title'><span class='av-inner-tab-title'>BLUMEN<\/span><\/span><span class='av-tab-arrow-container'><span><\/span><\/span><\/a><a href='#events' data-av-tab-section-title='3' class='av-section-tab-title  av-tab-with-icon av-tab-no-image  '><span class='av-tab-section-icon' aria-hidden='true' data-av_icon='\ue82a' data-av_iconfont='entypo-fontello'><\/span><span class='av-outer-tab-title'><span class='av-inner-tab-title'>EVENTS<\/span><\/span><span class='av-tab-arrow-container'><span><\/span><\/span><\/a><a href='#geschenke' data-av-tab-section-title='4' class='av-section-tab-title  av-tab-with-icon av-tab-no-image  '><span class='av-tab-section-icon' aria-hidden='true' data-av_icon='\ue806' data-av_iconfont='entypo-fontello'><\/span><span class='av-outer-tab-title'><span class='av-inner-tab-title'>GESCHENKE<\/span><\/span><span class='av-tab-arrow-container'><span><\/span><\/span><\/a><\/div><div class='av-tab-section-inner-container avia-section-default' style='width:400vw; left:0%;'><span class='av_prev_tab_section av_tab_navigation'><\/span><span class='av_next_tab_section av_tab_navigation'><\/span>\n<div data-av-tab-section-content=\"1\" class=\"av-layout-tab av-animation-delay-container av-active-tab-content __av_init_open   \" style='vertical-align:middle; ' data-av-tab-color='#000000'  data-tab-section-id=\"beratung\"><div class='av-layout-tab-inner'><div class='container'><p><div class=\"flex_column av_one_half  av-animated-generic bottom-to-top  flex_column_div av-zero-column-padding first  \" style='border-radius:0px; '><div class='avia-image-container  av-styling-    avia-align-center '  itemscope=\"itemscope\" itemtype=\"https:\/\/schema.org\/ImageObject\"  ><div class='avia-image-container-inner'><img class='avia_image ' src='https:\/\/www.blumen-meister.com\/standort-gallus-blumenladen\/wp-content\/uploads\/2017\/06\/Beratung-300x200.jpg' alt='' title='Beratung'   itemprop=\"thumbnailUrl\"  \/><\/div><\/div><\/div><div class=\"flex_column av_one_half  av-animated-generic bottom-to-top  flex_column_div av-zero-column-padding   \" style='border-radius:0px; '><p><div style='padding-bottom:10px;font-size:30px;' class='av-special-heading av-special-heading-h3 custom-color-heading blockquote modern-quote   av-inherit-size '><h3 class='av-special-heading-tag '  itemprop=\"headline\"  >Gute Beratung spart Zeit und Geld.<\/h3><div class='special-heading-border'><div class='special-heading-inner-border' ><\/div><\/div><\/div><br \/>\n<div style=' margin-top:30px; margin-bottom:30px;'  class='hr hr-custom hr-left hr-icon-no  '><span class='hr-inner   inner-border-av-border-fat' style=' width:50px; border-color:#000000;' ><span class='hr-inner-style'><\/span><\/span><\/div><br \/>\n<section class=\"av_textblock_section \"  itemscope=\"itemscope\" itemtype=\"https:\/\/schema.org\/CreativeWork\" ><div class='avia_textblock  '   itemprop=\"text\" ><p>Mit mehr als 30 Jahren Erfahrung des Familienunternehmens Alice im Blumenland, werden Sie von unserem Team pers\u00f6nlich beraten. Wir treffen mit Ihnen, auf \u00fcber 150qm Austellungsfl\u00e4che, die richtige Wahl f\u00fcr Blumen Arrangements jeder Art.<\/p>\n<\/div><\/section><\/p><\/div><\/p>\n<\/div><\/div><\/div><div data-av-tab-section-content=\"2\" class=\"av-layout-tab av-animation-delay-container    \" style='vertical-align:middle; ' data-av-tab-color='#000000'  data-tab-section-id=\"blumen\"><div class='av-layout-tab-inner'><div class='container'><p><div class=\"flex_column av_one_half  av-animated-generic bottom-to-top  flex_column_div av-zero-column-padding first  \" style='border-radius:0px; '><div class='avia-image-container  av-styling-    avia-align-center '  itemscope=\"itemscope\" itemtype=\"https:\/\/schema.org\/ImageObject\"  ><div class='avia-image-container-inner'><img class='avia_image ' src='https:\/\/www.blumen-meister.com\/standort-gallus-blumenladen\/wp-content\/uploads\/2017\/06\/Blumen-300x200.jpg' alt='' title='Blumen'   itemprop=\"thumbnailUrl\"  \/><\/div><\/div><\/div><div class=\"flex_column av_one_half  av-animated-generic bottom-to-top  flex_column_div av-zero-column-padding   \" style='border-radius:0px; '><p><div style='padding-bottom:10px;font-size:30px;' class='av-special-heading av-special-heading-h3 custom-color-heading blockquote modern-quote   av-inherit-size '><h3 class='av-special-heading-tag '  itemprop=\"headline\"  >Blumengr\u00fc\u00dfe mit gro\u00dfer Wirkung.<\/h3><div class='special-heading-border'><div class='special-heading-inner-border' ><\/div><\/div><\/div><br \/>\n<div style=' margin-top:30px; margin-bottom:30px;'  class='hr hr-custom hr-left hr-icon-no  '><span class='hr-inner   inner-border-av-border-fat' style=' width:50px; border-color:#000000;' ><span class='hr-inner-style'><\/span><\/span><\/div><br \/>\n<section class=\"av_textblock_section \"  itemscope=\"itemscope\" itemtype=\"https:\/\/schema.org\/CreativeWork\" ><div class='avia_textblock  '   itemprop=\"text\" ><p>W\u00e4hlen Sie aus unserem saisonal wechselndem Angebot an frischen Blumen und wir sorgen f\u00fcr eine kreative Pr\u00e4sentation Ihrer Ideen. Alle Str\u00e4u\u00dfe und Arrangements werden von uns handgebunden &amp; passend verpackt und k\u00f6nnen auf Wunsch geliefert werden.<\/p>\n<\/div><\/section><\/p><\/div><\/p>\n<\/div><\/div><\/div><div data-av-tab-section-content=\"3\" class=\"av-layout-tab av-animation-delay-container    \" style='vertical-align:middle; ' data-av-tab-color='#000000'  data-tab-section-id=\"events\"><div class='av-layout-tab-inner'><div class='container'><p><div class=\"flex_column av_one_half  av-animated-generic bottom-to-top  flex_column_div av-zero-column-padding first  \" style='border-radius:0px; '><div class='avia-image-container  av-styling-    avia-align-center '  itemscope=\"itemscope\" itemtype=\"https:\/\/schema.org\/ImageObject\"  ><div class='avia-image-container-inner'><img class='avia_image ' src='https:\/\/www.blumen-meister.com\/standort-gallus-blumenladen\/wp-content\/uploads\/2017\/06\/Events-300x200.jpg' alt='' title='Events'   itemprop=\"thumbnailUrl\"  \/><\/div><\/div><\/div><div class=\"flex_column av_one_half  av-animated-generic bottom-to-top  flex_column_div av-zero-column-padding   \" style='border-radius:0px; '><p><div style='padding-bottom:10px;font-size:30px;' class='av-special-heading av-special-heading-h3 custom-color-heading blockquote modern-quote   av-inherit-size '><h3 class='av-special-heading-tag '  itemprop=\"headline\"  >Florale Konzepte f\u00fcr Events und Messen.<\/h3><div class='special-heading-border'><div class='special-heading-inner-border' ><\/div><\/div><\/div><br \/>\n<div style=' margin-top:30px; margin-bottom:30px;'  class='hr hr-custom hr-left hr-icon-no  '><span class='hr-inner   inner-border-av-border-fat' style=' width:50px; border-color:#000000;' ><span class='hr-inner-style'><\/span><\/span><\/div><br \/>\n<section class=\"av_textblock_section \"  itemscope=\"itemscope\" itemtype=\"https:\/\/schema.org\/CreativeWork\" ><div class='avia_textblock  '   itemprop=\"text\" ><p>Die Zufriedenheit unserer zahlreichen Kunden best\u00e4tigt unsere erfoglreichen Austattungen von Verantstaltungen, Hotels, B\u00fcror\u00e4ume, Empf\u00e4ngen &amp; Messen. Ob Privat- oder Firmenfeier, gestalten wir mit Ihnen eine stilvolle Atmosph\u00e4re f\u00fcr Ihre G\u00e4ste.<\/p>\n<\/div><\/section><\/p><\/div><\/p>\n<\/div><\/div><\/div><div data-av-tab-section-content=\"4\" class=\"av-layout-tab av-animation-delay-container    \" style='vertical-align:middle; ' data-av-tab-color='#000000'  data-tab-section-id=\"geschenke\"><div class='av-layout-tab-inner'><div class='container'><p><div class=\"flex_column av_one_half  av-animated-generic bottom-to-top  flex_column_div av-zero-column-padding first  \" style='border-radius:0px; '><div class='avia-image-container  av-styling-    avia-align-center '  itemscope=\"itemscope\" itemtype=\"https:\/\/schema.org\/ImageObject\"  ><div class='avia-image-container-inner'><img class='avia_image ' src='https:\/\/www.blumen-meister.com\/standort-gallus-blumenladen\/wp-content\/uploads\/2017\/06\/Geschenke-300x200.jpg' alt='' title='Geschenke'   itemprop=\"thumbnailUrl\"  \/><\/div><\/div><\/div><div class=\"flex_column av_one_half  av-animated-generic bottom-to-top  flex_column_div av-zero-column-padding   \" style='border-radius:0px; '><p><div style='padding-bottom:10px;font-size:30px;' class='av-special-heading av-special-heading-h3 custom-color-heading blockquote modern-quote   av-inherit-size '><h3 class='av-special-heading-tag '  itemprop=\"headline\"  >Blumen sprechen die sch\u00f6nste Sprache.<\/h3><div class='special-heading-border'><div class='special-heading-inner-border' ><\/div><\/div><\/div><br \/>\n<div style=' margin-top:30px; margin-bottom:30px;'  class='hr hr-custom hr-left hr-icon-no  '><span class='hr-inner   inner-border-av-border-fat' style=' width:50px; border-color:#000000;' ><span class='hr-inner-style'><\/span><\/span><\/div><br \/>\n<section class=\"av_textblock_section \"  itemscope=\"itemscope\" itemtype=\"https:\/\/schema.org\/CreativeWork\" ><div class='avia_textblock  '   itemprop=\"text\" ><p>Schenken Sie Ihren Liebsten individuelle Blumenstr\u00e4u\u00dfe und Gestecke. W\u00e4hlen Sie aus unserem Angebot an Gru\u00dfkarten, Blumenpapier und Schleifen, f\u00fcr ein pers\u00f6nliches &amp; stilvolles Geschenk. Gerne k\u00f6nnen Sie passend jeden Anlass, aus unserem Champagner Sortiment w\u00e4hlen.<\/p>\n<\/div><\/section><\/p><\/div><\/p>\n<\/div><\/div><\/div>\n<\/div><\/div><\/div>\n","protected":false},"excerpt":{"rendered":"","protected":false},"author":1,"featured_media":0,"parent":0,"menu_order":0,"comment_status":"closed","ping_status":"closed","template":"","meta":{"_mi_skip_tracking":false},"_links":{"self":[{"href":"https:\/\/www.blumen-meister.com\/standort-gallus-blumenladen\/wp-json\/wp\/v2\/pages\/11"}],"collection":[{"href":"https:\/\/www.blumen-meister.com\/standort-gallus-blumenladen\/wp-json\/wp\/v2\/pages"}],"about":[{"href":"https:\/\/www.blumen-meister.com\/standort-gallus-blumenladen\/wp-json\/wp\/v2\/types\/page"}],"author":[{"embeddable":true,"href":"https:\/\/www.blumen-meister.com\/standort-gallus-blumenladen\/wp-json\/wp\/v2\/users\/1"}],"replies":[{"embeddable":true,"href":"https:\/\/www.blumen-meister.com\/standort-gallus-blumenladen\/wp-json\/wp\/v2\/comments?post=11"}],"version-history":[{"count":6,"href":"https:\/\/www.blumen-meister.com\/standort-gallus-blumenladen\/wp-json\/wp\/v2\/pages\/11\/revisions"}],"predecessor-version":[{"id":1090,"href":"https:\/\/www.blumen-meister.com\/standort-gallus-blumenladen\/wp-json\/wp\/v2\/pages\/11\/revisions\/1090"}],"wp:attachment":[{"href":"https:\/\/www.blumen-meister.com\/standort-gallus-blumenladen\/wp-json\/wp\/v2\/media?parent=11"}],"curies":[{"name":"wp","href":"https:\/\/api.w.org\/{rel}","templated":true}]}}